{"id":114,"date":"2020-10-14T01:35:52","date_gmt":"2020-10-13T23:35:52","guid":{"rendered":"http:\/\/omleczko.pl\/?page_id=114"},"modified":"2026-03-30T16:26:48","modified_gmt":"2026-03-30T14:26:48","slug":"o-mnie","status":"publish","type":"page","link":"https:\/\/omleczko.pl\/index.php\/o-mnie\/","title":{"rendered":"O mnie"},"content":{"rendered":"\n<p><br>One-woman army mixed media studio.<br>Projektowanie graficzne, animacja, fotografia, video-art.<br>Ok\u0142adki, plakaty, teledyski, oprawa wizualna event\u00f3w, projekty reklamowe, wizualizacje koncertowe.<br>In-house foto w Klubie SPATiF, autorka wizualnej strony projektu Hoshii.<br>Kocham prac\u0119 z muzyk\u0105 i ka\u017cd\u0105 osob\u0105, dla kt\u00f3rej detale, koncepcja <a href=\"https:\/\/ottokasinosuomi.com\/\">https:\/\/ottokasinosuomi.com\/<\/a> i sp\u00f3jno\u015b\u0107 element\u00f3w projektu s\u0105 wa\u017cne. <br><\/p>\n\n\n\n<p>Warszawa\/Muran\u00f3w\/\u015awiat<\/p>\n\n\n\n<div style=\"height:16px\" aria-hidden=\"true\" class=\"wp-block-spacer\"><\/div>\n\n\n\n<div style=\"height:1px\" aria-hidden=\"true\" class=\"wp-block-spacer\"><\/div>\n\n\n\n<div style=\"height:3px\" aria-hidden=\"true\" class=\"wp-block-spacer\"><\/div>\n\n\n\n<div style=\"height:1px\" aria-hidden=\"true\" class=\"wp-block-spacer\"><\/div>\n\n\n\n<div style=\"height:1px\" aria-hidden=\"true\" class=\"wp-block-spacer\"><\/div>\n\n\n\n<div class=\"wp-block-buttons\">\n<div class=\"wp-block-button\"><a class=\"wp-block-button__link\" href=\"http:\/\/omleczko.pl\/wp-content\/uploads\/2026\/01\/CV_Aleksandra-Mleczko_v13.pdf\" target=\"_blank\" rel=\"noreferrer noopener\">pobierz cv (pdf)<\/a><\/div>\n<\/div>\n\n\n\n<div style=\"height:14px\" aria-hidden=\"true\" class=\"wp-block-spacer\"><\/div>\n\n\n\n<div style=\"height:27px\" aria-hidden=\"true\" class=\"wp-block-spacer\"><\/div>\n\n\n\n<figure class=\"wp-block-image size-large\"><img loading=\"lazy\" width=\"819\" height=\"1024\" src=\"https:\/\/omleczko.pl\/wp-content\/uploads\/2026\/01\/2025_japonia-819x1024.png\" alt=\"\" class=\"wp-image-968\" srcset=\"https:\/\/omleczko.pl\/wp-content\/uploads\/2026\/01\/2025_japonia-819x1024.png 819w, https:\/\/omleczko.pl\/wp-content\/uploads\/2026\/01\/2025_japonia-240x300.png 240w, https:\/\/omleczko.pl\/wp-content\/uploads\/2026\/01\/2025_japonia-768x960.png 768w, https:\/\/omleczko.pl\/wp-content\/uploads\/2026\/01\/2025_japonia.png 1080w\" sizes=\"(max-width: 819px) 100vw, 819px\" \/><figcaption>foto: Aga Kiepuszewska<\/figcaption><\/figure>\n\n\n\n<p><\/p>\n","protected":false},"excerpt":{"rendered":"<p>One-woman army mixed media studio.Projektowanie graficzne, animacja, fotografia, video-art.Ok\u0142adki, plakaty, teledyski, oprawa wizualna event\u00f3w, projekty reklamowe, wizualizacje koncertowe.In-house foto w Klubie SPATiF, autorka wizualnej strony projektu Hoshii.Kocham prac\u0119 z muzyk\u0105 i ka\u017cd\u0105 osob\u0105, dla kt\u00f3rej detale, koncepcja https:\/\/ottokasinosuomi.com\/ i sp\u00f3jno\u015b\u0107 element\u00f3w projektu s\u0105 wa\u017cne. Warszawa\/Muran\u00f3w\/\u015awiat<\/p>\n","protected":false},"author":1,"featured_media":0,"parent":0,"menu_order":0,"comment_status":"closed","ping_status":"closed","template":"","meta":[],"_links":{"self":[{"href":"https:\/\/omleczko.pl\/index.php\/wp-json\/wp\/v2\/pages\/114"}],"collection":[{"href":"https:\/\/omleczko.pl\/index.php\/wp-json\/wp\/v2\/pages"}],"about":[{"href":"https:\/\/omleczko.pl\/index.php\/wp-json\/wp\/v2\/types\/page"}],"author":[{"embeddable":true,"href":"https:\/\/omleczko.pl\/index.php\/wp-json\/wp\/v2\/users\/1"}],"replies":[{"embeddable":true,"href":"https:\/\/omleczko.pl\/index.php\/wp-json\/wp\/v2\/comments?post=114"}],"version-history":[{"count":16,"href":"https:\/\/omleczko.pl\/index.php\/wp-json\/wp\/v2\/pages\/114\/revisions"}],"predecessor-version":[{"id":31148,"href":"https:\/\/omleczko.pl\/index.php\/wp-json\/wp\/v2\/pages\/114\/revisions\/31148"}],"wp:attachment":[{"href":"https:\/\/omleczko.pl\/index.php\/wp-json\/wp\/v2\/media?parent=114"}],"curies":[{"name":"wp","href":"https:\/\/api.w.org\/{rel}","templated":true}]}}