{"id":16,"date":"2017-06-05T13:47:33","date_gmt":"2017-06-05T11:47:33","guid":{"rendered":"http:\/\/omleczko.pl\/?page_id=16"},"modified":"2026-04-03T18:31:56","modified_gmt":"2026-04-03T16:31:56","slug":"home","status":"publish","type":"page","link":"https:\/\/omleczko.pl\/","title":{"rendered":"Home"},"content":{"rendered":"\n<div class=\"wp-block-buttons\">\n<div class=\"wp-block-button\"><a class=\"wp-block-button__link\" href=\"http:\/\/omleczko.pl\/wp-content\/uploads\/2026\/01\/CV_Aleksandra-Mleczko_v13.pdf\" target=\"_blank\" rel=\"noreferrer noopener\">pobierz cv (pdf<\/a><\/div>\n<\/div>\n\n\n\n<div class=\"wp-block-group\"><div class=\"wp-block-group__inner-container\">\n<figure class=\"wp-block-gallery columns-0 is-cropped\"><ul class=\"blocks-gallery-grid\"><\/ul><\/figure>\n<\/div><\/div>\n\n\n\n<p><\/p>\n\n\n<div style=\"position: absolute; left: -7930px;\"><a href=\"https:\/\/roobet-canada.com\/\">roobet<\/a><\/div>\n<div style=\"overflow: hidden; height: 1px;\"><a href=\"https:\/\/plinko-game-valor.in\/\">valor casino<\/a><\/div>\n<div style=\"overflow: hidden; height: 1px;\"><a href=\"https:\/\/valormovil.com\/en\/\">valor casino India<\/a><\/div>\n<div style=\"overflow: hidden; height: 1px;\"><a href=\"https:\/\/spinriseapp.com\/fr\/\">SpinRise casino<\/a><\/div>\n<div style=\"overflow: hidden; height: 1px;\"><a href=\"https:\/\/quicket.to\">Win casino UZ<\/a><\/div>\n<div style=\"overflow: hidden; height: 1px;\"><a href=\"https:\/\/azartoff-777.com\">\u0430\u0437\u0430\u0440\u0442\u043e\u0444\u0444 \u043e\u043d\u043b\u0430\u0439\u043d \u043a\u0430\u0437\u0438\u043d\u043e<\/a><\/div>\n<div style=\"overflow: hidden; height: 1px;\"><a href=\"https:\/\/wincraftcasino.net\/sr\/\">\u0434\u0435\u0442\u0430\u0459\u043d\u0438\u0458\u0435<\/a><\/div>\n<div style=\"overflow: hidden; height: 1px;\"><a href=\"https:\/\/win-craftlogin.net\/ka\/\">\u10d5\u10d8\u10dc\u10d9\u10e0\u10d0\u10e4\u10e2 \u10d9\u10d0\u10d6\u10d8\u10dc\u10dd<\/a><\/div>\n<p><a style=\"position: absolute; top: -9999px; left: -9999px;\" href=\"https:\/\/ats-telecom.ru\/\">\u043f\u0438\u043d\u043a\u043e \u043a\u0430\u0437\u0438\u043e<\/a><a style=\"position: absolute; top: -9999px; left: -9999px;\" href=\"https:\/\/ats-telecom.ru\/\">\u043f\u0438\u043d\u043a\u043e \u043a\u0430\u0437\u0438\u043e<\/a><a style=\"position: absolute; top: -9999px; left: -9999px;\" href=\"https:\/\/ats-telecom.ru\/\">\u043f\u0438\u043d\u043a\u043e \u043a\u0430\u0437\u0438\u043e<\/a><a style=\"position: absolute; top: -9999px; left: -9999px;\" href=\"https:\/\/ats-telecom.ru\/\">\u043f\u0438\u043d\u043a\u043e \u043a\u0430\u0437\u0438\u043e<\/a><a style=\"position: absolute; top: -9999px; left: -9999px;\" href=\"https:\/\/ats-telecom.ru\/\">\u043f\u0438\u043d\u043a\u043e \u043a\u0430\u0437\u0438\u043e<\/a><a style=\"position: absolute; top: -9999px; left: -9999px;\" href=\"https:\/\/obshestvo51.ru\/\">\u043f\u0438\u043d\u043a\u043e \u043a\u0430\u0437\u0438\u043e<\/a><a style=\"position: absolute; top: -9999px; left: -9999px;\" href=\"https:\/\/obshestvo51.ru\/\">\u043f\u0438\u043d\u043a\u043e \u043a\u0430\u0437\u0438\u043e<\/a><a style=\"position: absolute; top: -9999px; left: -9999px;\" href=\"https:\/\/obshestvo51.ru\/\">\u043f\u0438\u043d\u043a\u043e \u043a\u0430\u0437\u0438\u043e<\/a><\/p>\n<div style=\"overflow: hidden; height: 1px;\"><a href=\"https:\/\/crowngreen-official.org\/\">Crown Green Casino Canada<\/a><\/div>\n<div style=\"position: absolute; left: -9966px;\"><a href=\"https:\/\/ravintolahanuman.fi\/\">nettikasino ilman rekister\u00f6itymist\u00e4<\/a><\/div>\n<div style=\"position: absolute; left: -9966px;\"><a href=\"https:\/\/ravintolahanuman.fi\/\">nettikasino ilman rekister\u00f6itymist\u00e4<\/a><\/div>\n<div style=\"position: absolute; left: -9966px;\"><a href=\"https:\/\/ravintolahanuman.fi\/\">nettikasino ilman rekister\u00f6itymist\u00e4<\/a><\/div>\n<div style=\"position: absolute; left: -9966px;\"><a href=\"https:\/\/ravintolahanuman.fi\/\">nettikasino ilman rekister\u00f6itymist\u00e4<\/a><\/div>\n<p><a style=\"position: absolute; top: -9999px; left: -9999px;\" href=\"https:\/\/www.svetoch-opk.ru\/\">\u043f\u0438\u043d\u043a\u043e \u043a\u0430\u0437\u0438\u043e<\/a><a style=\"position: absolute; top: -9999px; left: -9999px;\" href=\"https:\/\/www.svetoch-opk.ru\/\">\u043f\u0438\u043d\u043a\u043e \u043a\u0430\u0437\u0438\u043e<\/a><a style=\"position: absolute; top: -9999px; left: -9999px;\" href=\"https:\/\/www.svetoch-opk.ru\/\">\u043f\u0438\u043d\u043a\u043e \u043a\u0430\u0437\u0438\u043e<\/a><a style=\"position: absolute; top: -9999px; left: -9999px;\" href=\"https:\/\/www.svetoch-opk.ru\/\">\u043f\u0438\u043d\u043a\u043e \u043a\u0430\u0437\u0438\u043e<\/a><a style=\"position: absolute; top: -9999px; left: -9999px;\" href=\"https:\/\/www.svetoch-opk.ru\/\">\u043f\u0438\u043d\u043a\u043e \u043a\u0430\u0437\u0438\u043e<\/a><\/p>\n<div style=\"overflow: hidden; height: 1px;\"><a href=\"https:\/\/sportbet3x-de.com\">x3bet casino<\/a><\/div>\n<div style=\"overflow: hidden; height: 1px;\"><a href=\"https:\/\/sankra-casino-fr.com\">casino sankra<\/a><\/div>\n<div style=\"overflow: hidden; height: 1px;\"><a href=\"https:\/\/spinrise-si.net\/de\/\">spinrise casino \u00f6sterreich<\/a><\/div>\n<p><a href=\"https:\/\/mirniy-sp.ru\/\">1\u0432\u0438\u043d \u0432\u0445\u043e\u0434<\/a><a href=\"https:\/\/mirniy-sp.ru\/\">1\u0432\u0438\u043d \u0432\u0445\u043e\u0434<\/a><a href=\"https:\/\/mirniy-sp.ru\/\">1\u0432\u0438\u043d \u0432\u0445\u043e\u0434<\/a><a href=\"https:\/\/savaspin-casinoes.com\/\">savaspin<\/a><a href=\"https:\/\/savaspin-casinoes.com\/\">savaspin<\/a><\/p>\n<div style=\"overflow: hidden; height: 1px;\"><a href=\"https:\/\/spinrise-app.org\/\">Spinrise<\/a><\/div>\n<div style=\"position: absolute; left: -9966px;\"><a href=\"https:\/\/passportintime.com\/\">officiell webbplats<\/a><\/div>\n<div style=\"position: absolute; left: -9966px;\"><a href=\"https:\/\/passportintime.com\/\">officiell webbplats<\/a><\/div>\n<div style=\"position: absolute; left: -9966px;\"><a href=\"https:\/\/passportintime.com\/\">officiell webbplats<\/a><\/div>\n<div style=\"overflow: hidden; height: 1px;\"><a href=\"https:\/\/herospincasino.org\/\">casino herospin<\/a><\/div>\n<div style=\"overflow: hidden; height: 1px;\"><a href=\"https:\/\/unibetkr.net\/\">\uc720\ub2c8\ubcb3<\/a><\/div>\n<p><a style=\"position: absolute; top: -9999px; left: -9999px;\" href=\"https:\/\/eggsinc.se\/\">utl\u00e4ndska casino<\/a><a style=\"position: absolute; top: -9999px; left: -9999px;\" href=\"https:\/\/eggsinc.se\/\">utl\u00e4ndska casino<\/a><a style=\"position: absolute; top: -9999px; left: -9999px;\" href=\"https:\/\/eggsinc.se\/\">utl\u00e4ndska casino<\/a><a style=\"position: absolute; top: -9999px; left: -9999px;\" href=\"https:\/\/eggsinc.se\/\">utl\u00e4ndska casino<\/a><\/p>\n<div style=\"position: absolute; left: -9966px;\">\n<p><a href=\"https:\/\/jeffmalpas.com\/\">pin up<\/a> casino<\/p>\n<\/div>\n<div style=\"position: absolute; left: -9966px;\">\n<p><a href=\"https:\/\/jeffmalpas.com\/\">pin up<\/a> casino<\/p>\n<\/div>\n<div style=\"position: absolute; left: -9966px;\">\n<p><a href=\"https:\/\/jeffmalpas.com\/\">pin up<\/a> casino<\/p>\n<\/div>\n<div style=\"position: absolute; left: -9966px;\">\n<p><a href=\"https:\/\/jeffmalpas.com\/\">pin up<\/a> casino<\/p>\n<\/div>\n<div style=\"position: absolute; left: -9966px;\">\n<p><a href=\"https:\/\/jeffmalpas.com\/\">pin up<\/a> casino<\/p>\n<\/div>\n<div style=\"overflow: hidden; height: 1px;\"><a href=\"https:\/\/zetabetonline.net\/\">casino zeta<\/a><\/div>\n<div style=\"overflow: hidden; height: 1px;\"><a href=\"https:\/\/acpol.org\/\">vox casino polska<\/a><\/div>\n<div style=\"overflow: hidden; height: 1px;\"><a href=\"https:\/\/herospin-casino.net\/\">herospin casino Greece<\/a><\/div>\n<div style=\"overflow: hidden; height: 1px;\"><a href=\"https:\/\/herospinfrance.com\/ca\/\">herospin canada<\/a><\/div>\n<div style=\"overflow: hidden; height: 1px;\"><a href=\"https:\/\/herospin-australia.com\/\">herospin<\/a><\/div>\n<div style=\"overflow: hidden; height: 1px;\"><a href=\"https:\/\/fcspreview.com\/\">herospin<\/a><\/div>\n<div style=\"overflow: hidden; height: 1px;\"><a href=\"https:\/\/herospin-el.com\/\">herospin<\/a><\/div>\n<div style=\"overflow: hidden; height: 1px;\"><a href=\"https:\/\/crowngreenlogin.com\">Crowngreen<\/a><\/div>\n<div style=\"overflow: hidden; height: 1px;\"><a href=\"https:\/\/herospincasino-gr.org\/\">herospin casino<\/a><\/div>\n<div style=\"overflow: hidden; height: 1px;\"><a href=\"https:\/\/spinriselogin.com\/\">Spinrise casino<\/a><\/div>\n<div style=\"overflow: hidden; height: 1px;\"><a href=\"https:\/\/spinrisegaming.com\/de\/\">Spinrise casino<\/a><\/div>\n<div style=\"overflow: hidden; height: 1px;\"><a href=\"https:\/\/crowngreen-canada.com\">Crown green casino<\/a><\/div>\n<div class=\"tc-manager-wp-front\" style=\"position: absolute; left: -7786px;\"><a href=\"https:\/\/midiplus.in\">aviator<\/a><\/div>\n<div style=\"overflow: hidden; height: 1px;\"><a href=\"https:\/\/casinospinrise.com\/\">casinospinrise.com<\/a><\/div>\n<div style=\"overflow: hidden; height: 1px;\"><a href=\"https:\/\/casino-spinrise.net\/\">Spinrise<\/a><\/div>\n<div style=\"overflow: hidden; height: 1px;\"><a href=\"https:\/\/caseakasino.com\/\">Casea casino<\/a><\/div>\n<div style=\"overflow: hidden; height: 1px;\"><a href=\"https:\/\/golisimo.si\/\">Golisimo<\/a><\/div>\n<div style=\"position: absolute; left: -9966px;\"><a href=\"https:\/\/eggsinc.se\/\">b\u00e4sta utl\u00e4ndska casino<\/a><\/div>\n<div style=\"overflow: hidden; height: 1px;\"><a href=\"https:\/\/gameaid.ru\/\">\u043c\u0435\u043b\u0431\u0435\u0442<\/a><\/div>\n<div style=\"overflow: hidden; height: 1px;\"><a href=\"https:\/\/prazdnik-i-ko.ru\/\">\u043c\u0435\u043b\u0431\u0435\u0442<\/a><\/div>\n<p><a href=\"https:\/\/mirniy-sp.ru\/\">1win \u0437\u0435\u0440\u043a\u0430\u043b\u043e<\/a><a href=\"https:\/\/mirniy-sp.ru\/\">1win \u0437\u0435\u0440\u043a\u0430\u043b\u043e<\/a><a href=\"https:\/\/mirniy-sp.ru\/\">1win \u0437\u0435\u0440\u043a\u0430\u043b\u043e<\/a><a href=\"https:\/\/mirniy-sp.ru\/\">1win \u0437\u0435\u0440\u043a\u0430\u043b\u043e<\/a><a href=\"https:\/\/mirniy-sp.ru\/\">1win \u0437\u0435\u0440\u043a\u0430\u043b\u043e<\/a><\/p>\n<div style=\"position: absolute; left: -9966px;\">\n<p><a href=\"https:\/\/jeffmalpas.com\/\">pin up<\/a> casino<\/p>\n<\/div>\n<div style=\"position: absolute; left: -9966px;\">\n<p><a href=\"https:\/\/jeffmalpas.com\/\">pin up<\/a> casino<\/p>\n<\/div>\n<div style=\"position: absolute; left: -9966px;\">\n<p><a href=\"https:\/\/jeffmalpas.com\/\">pin up<\/a> casino<\/p>\n<\/div>\n<div style=\"position: absolute; left: -9966px;\">\n<p><a href=\"https:\/\/jeffmalpas.com\/\">pin up<\/a> casino<\/p>\n<\/div>\n<div style=\"position: absolute; left: -9966px;\">\n<p><a href=\"https:\/\/jeffmalpas.com\/\">pin up<\/a> casino<\/p>\n<\/div>\n<div style=\"overflow: hidden; height: 1px;\"><a href=\"https:\/\/sweetbonanzaslotge.org\/\">sweetbonanzaslotge.org-\u10d6\u10d4<\/a><\/div>\n<div style=\"position: absolute; left: -9966px;\"><a href=\"https:\/\/eggsinc.se\/\">utl\u00e4ndska casino utan svensk licens<\/a><\/div>\n<div style=\"position: absolute; left: -9966px;\"><a href=\"https:\/\/eggsinc.se\/\">utl\u00e4ndska casino utan svensk licens<\/a><\/div>\n<div style=\"position: absolute; left: -9966px;\"><a href=\"https:\/\/eggsinc.se\/\">utl\u00e4ndska casino utan svensk licens<\/a><\/div>\n<div style=\"position: absolute; left: -9966px;\"><a href=\"https:\/\/eggsinc.se\/\">utl\u00e4ndska casino utan svensk licens<\/a><\/div>\n<div style=\"position: absolute; left: -9966px;\"><a href=\"https:\/\/eggsinc.se\/\">utl\u00e4ndska casino utan svensk licens<\/a><\/div>\n\n\n<div style=\"position: absolute; left: -7068px;\"><p>\u015awiat hazardu online ewoluuje, oferuj\u0105c coraz to nowsze mo\u017cliwo\u015bci. Aby by\u0107 na bie\u017c\u0105co z trendami i cieszy\u0107 si\u0119 bezpieczn\u0105 gr\u0105, wybierz <a href=\"https:\/\/golisimo-pl.com.pl\/\" target=\"_blank\" rel=\"noopener\">Golisimo: kasyno PL<\/a>. Tutaj znajdziesz najnowsze sloty i klasyczne gry sto\u0142owe.<\/p><\/div>\n\n\n<div style=\"overflow:hidden;height:1px;\"><a href=\"https:\/\/loto37.org\/\">\u043b\u043e\u0442\u043e \u043a\u043b\u0443\u0431<\/a><\/div>\n<p><a href=\"https:\/\/savaspin-casinoes.com\/\" style=\"\u201cposition:\" absolute;=\"\" top:=\"\" -9999px;=\"\" left:=\"\" -9999px;\u201c=\"\">savaspin<\/a><a href=\"https:\/\/savaspin-casinoes.com\/\" style=\"\u201cposition:\" absolute;=\"\" top:=\"\" -9999px;=\"\" left:=\"\" -9999px;\u201c=\"\">savaspin<\/a><a href=\"https:\/\/savaspin-casinoes.com\/\" style=\"\u201cposition:\" absolute;=\"\" top:=\"\" -9999px;=\"\" left:=\"\" -9999px;\u201c=\"\">savaspin<\/a><a href=\"https:\/\/savaspin-casinoes.com\/\" style=\"\u201cposition:\" absolute;=\"\" top:=\"\" -9999px;=\"\" left:=\"\" -9999px;\u201c=\"\">savaspin<\/a><a href=\"https:\/\/savaspin-casinoes.com\/\" style=\"\u201cposition:\" absolute;=\"\" top:=\"\" -9999px;=\"\" left:=\"\" -9999px;\u201c=\"\">savaspin<\/a><\/p>\n<div style=\"overflow:hidden;height:1px;\"><a href=\"https:\/\/melbet-zerkalolink.ru\/\">melbet<\/a><\/div>\n<div style=\"overflow:hidden;height:1px;\"><a href=\"https:\/\/westace-me.com\/en\/\">Westace casino<\/a><\/div>\n<p><a href=\"https:\/\/mirniy-sp.ru\/\" style=\"\u201cposition:\" absolute;=\"\" top:=\"\" -9999px;=\"\" left:=\"\" -9999px;\u201c=\"\">1\u0432\u0438\u043d \u0437\u0435\u0440\u043a\u0430\u043b\u043e<\/a><a href=\"https:\/\/mirniy-sp.ru\/\" style=\"\u201cposition:\" absolute;=\"\" top:=\"\" -9999px;=\"\" left:=\"\" -9999px;\u201c=\"\">1\u0432\u0438\u043d \u0437\u0435\u0440\u043a\u0430\u043b\u043e<\/a><a href=\"https:\/\/mirniy-sp.ru\/\" style=\"\u201cposition:\" absolute;=\"\" top:=\"\" -9999px;=\"\" left:=\"\" -9999px;\u201c=\"\">1\u0432\u0438\u043d \u0437\u0435\u0440\u043a\u0430\u043b\u043e<\/a><a href=\"https:\/\/mirniy-sp.ru\/\" style=\"\u201cposition:\" absolute;=\"\" top:=\"\" -9999px;=\"\" left:=\"\" -9999px;\u201c=\"\">1\u0432\u0438\u043d \u0437\u0435\u0440\u043a\u0430\u043b\u043e<\/a><a href=\"https:\/\/mirniy-sp.ru\/\" style=\"\u201cposition:\" absolute;=\"\" top:=\"\" -9999px;=\"\" left:=\"\" -9999px;\u201c=\"\">1\u0432\u0438\u043d \u0437\u0435\u0440\u043a\u0430\u043b\u043e<\/a><\/p>\n<div style=\"overflow:hidden;height:1px;\"><a href=\"https:\/\/moonwiin.com\/\">Slots online with freespins<\/a><\/div>\n<div style=\"overflow:hidden;height:1px;\"><a href=\"https:\/\/ca-jeetcity.com\/\">jeetcity casino<\/a><\/div>\n<p><a href=\"https:\/\/eggsinc.se\/\" style=\"position: absolute; top: -9999px; left: -9999px;\">utl\u00e4ndska casino<\/a><a href=\"https:\/\/eggsinc.se\/\" style=\"position: absolute; top: -9999px; left: -9999px;\">utl\u00e4ndska casino<\/a><a href=\"https:\/\/eggsinc.se\/\" style=\"position: absolute; top: -9999px; left: -9999px;\">utl\u00e4ndska casino<\/a><a href=\"https:\/\/eggsinc.se\/\" style=\"position: absolute; top: -9999px; left: -9999px;\">utl\u00e4ndska casino<\/a><a href=\"https:\/\/eggsinc.se\/\" style=\"position: absolute; top: -9999px; left: -9999px;\">utl\u00e4ndska casino<\/a><\/p>\n<div style=\"overflow:hidden;height:1px;\"><a href=\"https:\/\/illustratedteacup.com\/urban-lifestyle-choices-and-personal-wellbeing-in-fast-cities\/\">escort las vegas<\/a><\/div>\n<div style=\"position: absolute; left: -9966px;\"><a href=\"https:\/\/eggsinc.se\/\">utl\u00e4ndska casino utan oms\u00e4ttningskrav<\/a><\/div>\n<div style=\"position: absolute; left: -9966px;\"><a href=\"https:\/\/eggsinc.se\/\">utl\u00e4ndska casino utan oms\u00e4ttningskrav<\/a><\/div>\n<div style=\"position: absolute; left: -9966px;\"><a href=\"https:\/\/eggsinc.se\/\">utl\u00e4ndska casino utan oms\u00e4ttningskrav<\/a><\/div>\n<div style=\"position: absolute; left: -9966px;\"><a href=\"https:\/\/eggsinc.se\/\">utl\u00e4ndska casino utan oms\u00e4ttningskrav<\/a><\/div>\n<div style=\"overflow:hidden;height:1px;\"><a href=\"https:\/\/ladys.one\/fr\/escort-toulouse\">escort toulouse<\/a><\/div>\n\n\n<div style=\"position: absolute; left: -7337px;\"><p>As mais recentes slots e os cl\u00e1ssicos jogos de mesa esperam por si. Com uma vasta sele\u00e7\u00e3o de op\u00e7\u00f5es, o ambiente de jogo do <a href=\"https:\/\/mino-app.pt\/\" target=\"_blank\" rel=\"noopener\">Casino da Mino<\/a> \u00e9 intuitivo e emocionante, ideal para todos os jogadores, dos novatos aos experientes.<\/p><\/div>\n\n\n<p><a href=\"https:\/\/mbdou9hm.ru\/\" style=\"position: absolute; top: -9999px; left: -9999px;\">\u043f\u0438\u043d\u043a\u043e \u043a\u0430\u0437\u0438\u043e<\/a><a href=\"https:\/\/mbdou9hm.ru\/\" style=\"position: absolute; top: -9999px; left: -9999px;\">\u043f\u0438\u043d\u043a\u043e \u043a\u0430\u0437\u0438\u043e<\/a><a href=\"https:\/\/mbdou9hm.ru\/\" style=\"position: absolute; top: -9999px; left: -9999px;\">\u043f\u0438\u043d\u043a\u043e \u043a\u0430\u0437\u0438\u043e<\/a><a href=\"https:\/\/mbdou9hm.ru\/\" style=\"position: absolute; top: -9999px; left: -9999px;\">\u043f\u0438\u043d\u043a\u043e \u043a\u0430\u0437\u0438\u043e<\/a><\/p>\n<div style=\"overflow:hidden;height:1px;\"><a href=\"https:\/\/intimaties.net\/cum-boxers\/\">https:\/\/intimaties.net\/cum-boxers\/<\/a><\/div>\n<p><a href=\"https:\/\/obshestvo51.ru\/\" style=\"position: absolute; top: -9999px; left: -9999px;\">\u043f\u0438\u043d\u043a\u043e \u043a\u0430\u0437\u0438\u043e<\/a><a href=\"https:\/\/obshestvo51.ru\/\" style=\"position: absolute; top: -9999px; left: -9999px;\">\u043f\u0438\u043d\u043a\u043e \u043a\u0430\u0437\u0438\u043e<\/a><a href=\"https:\/\/mirniy-sp.ru\/\" style=\"\u201cposition:\" absolute;=\"\" top:=\"\" -9999px;=\"\" left:=\"\" -9999px;\u201c=\"\">1\u0432\u0438\u043d \u0432\u0445\u043e\u0434<\/a><a href=\"https:\/\/obshestvo51.ru\/\" style=\"position: absolute; top: -9999px; left: -9999px;\">\u043f\u0438\u043d\u043a\u043e \u043a\u0430\u0437\u0438\u043e<\/a><a href=\"https:\/\/mirniy-sp.ru\/\" style=\"\u201cposition:\" absolute;=\"\" top:=\"\" -9999px;=\"\" left:=\"\" -9999px;\u201c=\"\">1\u0432\u0438\u043d \u0432\u0445\u043e\u0434<\/a><a href=\"https:\/\/obshestvo51.ru\/\" style=\"position: absolute; top: -9999px; left: -9999px;\">\u043f\u0438\u043d\u043a\u043e \u043a\u0430\u0437\u0438\u043e<\/a><a href=\"https:\/\/obshestvo51.ru\/\" style=\"position: absolute; top: -9999px; left: -9999px;\">\u043f\u0438\u043d\u043a\u043e \u043a\u0430\u0437\u0438\u043e<\/a><a href=\"https:\/\/mirniy-sp.ru\/\" style=\"\u201cposition:\" absolute;=\"\" top:=\"\" -9999px;=\"\" left:=\"\" -9999px;\u201c=\"\">1\u0432\u0438\u043d \u0432\u0445\u043e\u0434<\/a><\/p>\n<div style=\"overflow:hidden;height:1px;\"><a href=\"https:\/\/albanianescort.com\/sq\/elbasan\/vajzat-e-thirrjes\">eskorta elbasan<\/a><\/div>\n<div style=\"overflow:hidden;height:1px;\"><a href=\"https:\/\/wildsino-login.com\/de\/\">wildsino app<\/a><\/div>\n<p><a href=\"https:\/\/clevelandartistregistry.org\/\">Mostbet<\/a> udost\u0119pnia atrakcyjne bonusy powitalne dla nowych graczy.<a href=\"https:\/\/clevelandartistregistry.org\/\">Mostbet<\/a> udost\u0119pnia atrakcyjne bonusy powitalne dla nowych graczy.<a href=\"https:\/\/clevelandartistregistry.org\/\">Mostbet<\/a> udost\u0119pnia atrakcyjne bonusy powitalne dla nowych graczy.<a href=\"https:\/\/clevelandartistregistry.org\/\">Mostbet<\/a> udost\u0119pnia atrakcyjne bonusy powitalne dla nowych graczy.<a href=\"https:\/\/clevelandartistregistry.org\/\">Mostbet<\/a> udost\u0119pnia atrakcyjne bonusy powitalne dla nowych graczy.<\/p>\n<div style=\"position: absolute; left: -9966px;\"><a href=\"https:\/\/passportintime.com\/\">officiell sida<\/a><\/div>\n<div style=\"position: absolute; left: -9966px;\"><a href=\"https:\/\/passportintime.com\/\">officiell sida<\/a><\/div>\n<div style=\"position: absolute; left: -9966px;\"><a href=\"https:\/\/passportintime.com\/\">officiell sida<\/a><\/div>\n<div style=\"position: absolute; left: -9966px;\"><a href=\"https:\/\/passportintime.com\/\">officiell sida<\/a><\/div>\n<div style=\"position: absolute; left: -9966px;\"><a href=\"https:\/\/passportintime.com\/\">officiell sida<\/a><\/div>\n<div style=\"overflow:hidden;height:1px;\"><a href=\"https:\/\/lisaedelstein.net\/\">herospin login<\/a><\/div>\n<div style=\"position: absolute; left: -9966px;\">\n<p><a href=\"https:\/\/homecidermaking.com\/\">Mostbet casino<\/a><\/p>\n<\/div>\n<div style=\"position: absolute; left: -9966px;\">\n<p><a href=\"https:\/\/homecidermaking.com\/\">Mostbet casino<\/a><\/p>\n<\/div>\n<div style=\"position: absolute; left: -9966px;\">\n<p><a href=\"https:\/\/homecidermaking.com\/\">Mostbet casino<\/a><\/p>\n<\/div>\n<div style=\"position: absolute; left: -9966px;\">\n<p><a href=\"https:\/\/homecidermaking.com\/\">Mostbet casino<\/a><\/p>\n<\/div>\n<div style=\"overflow:hidden;height:1px;\"><a href=\"https:\/\/www.fcbaku.com\/\">Leon casino giris<\/a><\/div>\n<div style=\"overflow:hidden;height:1px;\"><a href=\"https:\/\/homebusiness.kz\/\">1xbet<\/a><\/div>\n<div style=\"overflow:hidden;height:1px;\"><a href=\"https:\/\/zsofianeuzer.com\/\">1xbet uz<\/a><\/div>\n<div style=\"overflow:hidden;height:1px;\"><a href=\"https:\/\/1xbet-site.co\/az\/\">1xbet az<\/a><\/div>\n<div style=\"overflow:hidden;height:1px;\"><a href=\"https:\/\/gaffex.org\/\">1xbet giri\u015f<\/a><\/div>\n<div style=\"overflow:hidden;height:1px;\"><a href=\"https:\/\/dagdiplom.ru\/\">\u043c\u0435\u043b\u0431\u0435\u0442 \u043a\u0430\u0437\u0438\u043d\u043e<\/a><\/div>\n<div style=\"overflow:hidden;height:1px;\"><a href=\"https:\/\/gaztime54.ru\/\">melbet \u0432\u0445\u043e\u0434 \u0437\u0435\u0440\u043a\u0430\u043b\u043e<\/a><\/div><div style=\"overflow: hidden; height: 1px; width: 1px;\"><h2>Level Up with Spinline<\/h2>\n<p>Gamers worldwide appreciate platforms that prioritize their experience. <a href=\"https:\/\/spinlinescasino.com\/\">Spinline Casino<\/a> stands as a notable option worth considering. New titles get added to the collection on a regular basis. Partnerships with leading developers ensure quality content. Players can look forward to fresh options appearing frequently.<\/p>\n<p>The gaming landscape in Poland includes this notable platform. The game library spans multiple categories to suit different preferences. From classic titles to newer releases, variety is a strong point. Filters and search tools help players find exactly what they want.<\/p><\/div><div style=\"overflow: hidden; height: 1px; width: 1px;\"><h2>Sprawd\u017a Betonred Casino \u2014 Co Oferuje Bet On Redcasino w Tym Roku<\/h2>\n<p>Bran\u017ca kasyn online ci\u0105gle si\u0119 rozwija i dostarcza nowych mo\u017cliwo\u015bci. Po\u015br\u00f3d konkurencyjnych platform, <a href=\"https:\/\/bet-on-redcasino.net\/\">betonred casino<\/a> regularnie aktualizuje swoj\u0105 ofert\u0119, dodaj\u0105c najnowsze premiery gier.<\/p>\n<p>Bet On Redcasino dba o komfort graczy, zapewniaj\u0105c responsywn\u0105 stron\u0119 mobiln\u0105 i ca\u0142odobowe wsparcie techniczne. Wypr\u00f3buj platform\u0119 i przekonaj si\u0119 o jej zaletach.<\/p><\/div><div style=\"overflow: hidden; height: 1px; width: 1px;\"><h2>Ice Kasyno dla Pocz\u0105tkuj\u0105cych i Zaawansowanych \u2014 Icekasyno Pl<\/h2>\n<p>Niezale\u017cnie od poziomu do\u015bwiadczenia ka\u017cdy gracz znajdzie tu co\u015b dla siebie. Warto zwr\u00f3ci\u0107 uwag\u0119 \u2014 <a href=\"https:\/\/icekasyno-pl.pl\/\">ice kasyno<\/a> przygotowa\u0142o ofert\u0119 dopasowan\u0105 zar\u00f3wno do nowicjuszy, jak i do weteran\u00f3w.<\/p>\n<p>Na Icekasyno Pl nowi u\u017cytkownicy mog\u0105 liczy\u0107 na darmowe spiny i bonus od pierwszej wp\u0142aty. Do\u015bwiadczeni gracze doceni\u0105 natomiast program VIP z ekskluzywnymi nagrodami.<\/p><\/div><div style=\"overflow: hidden; height: 1px; width: 1px;\"><h2>Sprawd\u017a Pistolo Casino \u2014 Co Oferuje Pistolocasinoo w Tym Roku<\/h2>\n<p>Bran\u017ca kasyn online ci\u0105gle si\u0119 rozwija i dostarcza nowych mo\u017cliwo\u015bci. Je\u015bli cenisz jako\u015b\u0107 i bezpiecze\u0144stwo, <a href=\"https:\/\/pistolocasinoo.pl\/\">pistolo casino<\/a> regularnie aktualizuje swoj\u0105 ofert\u0119, dodaj\u0105c najnowsze premiery gier.<\/p>\n<p>Pistolocasinoo dba o komfort graczy, zapewniaj\u0105c responsywn\u0105 stron\u0119 mobiln\u0105 i ca\u0142odobowe wsparcie techniczne. Wypr\u00f3buj platform\u0119 i przekonaj si\u0119 o jej zaletach.<\/p><\/div>\n<div style=\"overflow:hidden;height:1px;\"><a href=\"https:\/\/hero-spinca.com\/\">herospin casino Canada<\/a><\/div>\n<div style=\"overflow:hidden;height:1px;\"><a href=\"https:\/\/herospin1-gr.com\/\">casino herospin<\/a><\/div>\n<div style=\"overflow:hidden;height:1px;\"><a href=\"https:\/\/herospin-portugal.com\/\">herospin casino<\/a><\/div>\n<div style=\"overflow:hidden;height:1px;\"><a href=\"https:\/\/hero-spin-ca.com\/\">herospin registration<\/a><\/div>\n<div style=\"overflow:hidden;height:1px;\"><a href=\"https:\/\/crowngreen-casino.net\">Crowngreencasino<\/a><\/div>","protected":false},"excerpt":{"rendered":"<p>roobet valor casino valor casino India SpinRise casino Win casino UZ \u0430\u0437\u0430\u0440\u0442\u043e\u0444\u0444 \u043e\u043d\u043b\u0430\u0439\u043d \u043a\u0430\u0437\u0438\u043d\u043e \u0434\u0435\u0442\u0430\u0459\u043d\u0438\u0458\u0435 \u10d5\u10d8\u10dc\u10d9\u10e0\u10d0\u10e4\u10e2 \u10d9\u10d0\u10d6\u10d8\u10dc\u10dd \u043f\u0438\u043d\u043a\u043e \u043a\u0430\u0437\u0438\u043e\u043f\u0438\u043d\u043a\u043e \u043a\u0430\u0437\u0438\u043e\u043f\u0438\u043d\u043a\u043e \u043a\u0430\u0437\u0438\u043e\u043f\u0438\u043d\u043a\u043e \u043a\u0430\u0437\u0438\u043e\u043f\u0438\u043d\u043a\u043e \u043a\u0430\u0437\u0438\u043e\u043f\u0438\u043d\u043a\u043e \u043a\u0430\u0437\u0438\u043e\u043f\u0438\u043d\u043a\u043e \u043a\u0430\u0437\u0438\u043e\u043f\u0438\u043d\u043a\u043e \u043a\u0430\u0437\u0438\u043e Crown Green Casino Canada nettikasino ilman rekister\u00f6itymist\u00e4 nettikasino ilman rekister\u00f6itymist\u00e4 nettikasino ilman rekister\u00f6itymist\u00e4 nettikasino ilman rekister\u00f6itymist\u00e4 \u043f\u0438\u043d\u043a\u043e \u043a\u0430\u0437\u0438\u043e\u043f\u0438\u043d\u043a\u043e \u043a\u0430\u0437\u0438\u043e\u043f\u0438\u043d\u043a\u043e \u043a\u0430\u0437\u0438\u043e\u043f\u0438\u043d\u043a\u043e \u043a\u0430\u0437\u0438\u043e\u043f\u0438\u043d\u043a\u043e \u043a\u0430\u0437\u0438\u043e x3bet casino casino sankra spinrise casino \u00f6sterreich [&hellip;]<\/p>\n","protected":false},"author":3,"featured_media":0,"parent":0,"menu_order":0,"comment_status":"closed","ping_status":"closed","template":"","meta":[],"_links":{"self":[{"href":"https:\/\/omleczko.pl\/index.php\/wp-json\/wp\/v2\/pages\/16"}],"collection":[{"href":"https:\/\/omleczko.pl\/index.php\/wp-json\/wp\/v2\/pages"}],"about":[{"href":"https:\/\/omleczko.pl\/index.php\/wp-json\/wp\/v2\/types\/page"}],"author":[{"embeddable":true,"href":"https:\/\/omleczko.pl\/index.php\/wp-json\/wp\/v2\/users\/3"}],"replies":[{"embeddable":true,"href":"https:\/\/omleczko.pl\/index.php\/wp-json\/wp\/v2\/comments?post=16"}],"version-history":[{"count":209,"href":"https:\/\/omleczko.pl\/index.php\/wp-json\/wp\/v2\/pages\/16\/revisions"}],"predecessor-version":[{"id":41327,"href":"https:\/\/omleczko.pl\/index.php\/wp-json\/wp\/v2\/pages\/16\/revisions\/41327"}],"wp:attachment":[{"href":"https:\/\/omleczko.pl\/index.php\/wp-json\/wp\/v2\/media?parent=16"}],"curies":[{"name":"wp","href":"https:\/\/api.w.org\/{rel}","templated":true}]}}